6*r = 65 - 11. Let z = 15 + r. Suppose 0*w = -z*w + 2418. Is w a prime number?
False
Is 673379/9 - 1130/(-1017) a prime number?
True
Let t be 10 - 7/2*2. Suppose c - 4 = 0, k - c = 2*c - 12. Suppose k = t*w - 1018 - 119. Is w composite?
False
Suppose 14153726 + 32923337 + 8697304 = 209*s. Is s composite?
False
Let y be (-2)/3*(0 + 12). Let s(z) = -81*z + 21. Let q(r) = -161*r + 45. Let g(t) = -2*q(t) + 5*s(t). Is g(y) a prime number?
False
Let x(y) = 1763*y**2 - 6*y + 5. Let i be (72/42)/(-3) - 36/(-14). Let r be x(i). Suppose -7*v + 6*v = -r. Is v prime?
False
Let r(b) = 147*b**3 + 25*b**2 - 12*b - 15. Is r(10) composite?
True
Suppose 4*g = 4, 4*h = -3*g - 162 - 723. Let j = 299 - -192. Let n = h + j. Is n a prime number?
True
Let d be (-40)/(-15)*(-3)/(-2). Suppose j - d = 0, j = 2*b - 2*j + 4. Suppose -3*p - b*m - 6608 = -7*p, -2*m - 8275 = -5*p. Is p a prime number?
True
Let o(q) = 534 + 3*q + 13*q**2 - 4*q**2 - 531. Is o(-5) a prime number?
False
Is (-216664897)/(-707) + (4/14 - (6 + -6)) prime?
True
Let v be ((-360)/(-378) + (-2)/7)*-57882. Let h = -19467 - v. Is h prime?
True
Let o = -127578 + 287831. Is o composite?
False
Let t = -19339 + 28196. Is t a composite number?
True
Let x = 53370 - -48169. Is x composite?
True
Let i(n) = 2*n**3 + 57*n**2 - 40*n + 8. Is i(35) a composite number?
False
Let k(c) be the first derivative of 14*c**3/3 + 6*c**2 + 65*c + 99. Is k(-16) a prime number?
True
Suppose 4*k - 165993 = -f, -2022*k + 2021*k + 165969 = f. Is f a prime number?
True
Suppose -616*s + 652*s - 1260828 = 0. Is s prime?
True
Let a be (5 + -7)/(4/14). Let q(w) = 95*w**3 + 18*w**2 - 5*w + 15 + 14*w - w**2 - 97*w**3. Is q(a) composite?
False
Let p(u) = 41*u - 81. Let q(v) = 67*v - 128. Let w(h) = 133*h - 255. Let g(k) = 11*q(k) - 6*w(k). Let z(n) = -5*g(n) - 8*p(n). Is z(-7) composite?
False
Let w(m) = 3*m**3 + 205*m**2 + 121*m + 88. Is w(-63) a prime number?
False
Let p(a) = 34 + 27*a + 56*a - 4*a + 7*a. Let j be p(20). Suppose 4*u - 2*s = -s + j, 2*u = s + 876. Is u a prime number?
True
Let t be (1/(-7) - 20/(-42))*12. Let p(q) = -7*q**3 - 5 + 13*q**2 - 12*q**2 + 4 + t*q. Is p(-3) a composite number?
True
Let z(d) = 518*d**2 - 47*d. Let g be z(-6). Is (g/12*(-24)/15)/(-2) a prime number?
False
Let p = -45 + 52. Suppose p + 3 = 2*g, 5*f - 3*g = -5. Let m(l) = 392*l - 3. Is m(f) composite?
True
Let a(m) = 23716*m + 1893. Is a(5) a composite number?
False
Suppose -8*w + 11*w = 0. Let y be 1 + -1*(-5 + 3 + w). Suppose 0 = b - 2*p - 783, 0 = -y*p + 5 + 7. Is b composite?
True
Suppose -4*d = 2*a - 8, 0*d - 4 = 3*a - 2*d. Suppose a = 6*w - w. Suppose w*s + 5669 = s. Is s a composite number?
False
Suppose 4*y - 27468 = -2780. Let i be (-4)/18 + 3250/450. Suppose -i*m + y = -3*m. Is m a prime number?
True
Let w = -94 - -106. Is 312/2 - (7 - w) prime?
False
Suppose -z = 4*z. Suppose z*n = 5*n. Suppose 1028 = 5*d - 3*f, -3*d - 2*d + 5*f + 1030 = n. Is d composite?
True
Let m = -40400 - -174139. Is m a composite number?
True
Let r = -138904 - -268181. Is r a composite number?
False
Let j = -209 + 209. Suppose -31*m + 5*m + 1174186 = j. Is m a prime number?
True
Is ((-10)/65 + (-39893212)/(-52) - -6)/1 a composite number?
True
Let h be (-1)/1 - (-1)/1. Let s(o) = 96*o + 5457. Let a be s(-54). Suppose h = q - a - 646. Is q prime?
True
Suppose -4*k - 2729 + 12818 = -5*r, k = 2*r + 2523. Is k a prime number?
True
Suppose -543313 = -2*l + 39*a, 0 = -5*l - 3*a + 1897445 - 539263. Is l a prime number?
True
Suppose 0 = -581*r + 620*r - 3641469. Is r composite?
False
Let a be (24/30)/((-2)/7730). Let v be (a/(-20))/((-3)/(-15)). Suppose -5*f + 309 = 5*z - 1611, -2*z = f - v. Is z a prime number?
True
Let c(d) be the third derivative of -d**6/120 + d**5/60 + d**4/4 + d**3/3 + 28*d**2. Let q be c(3). Let h(a) = 353*a**3 - 2*a**2 - a + 1. Is h(q) prime?
False
Let h = -10559 + -6246. Is h/(-4) - (-41)/(-164) a composite number?
False
Let l = 19 + -19. Suppose 7*p - 8*p + 305 = l. Suppose -2*r + 42 = q - 245, 5*q + p = 2*r. Is r prime?
False
Suppose -146*o + 142*o = -72004. Is o prime?
False
Let p be 5*-1*-4*3/12. Is p + 62/2*72 composite?
False
Let k = -338826 + 1436711. Is k a prime number?
False
Let q(s) = -s**3 - 5*s**2 + 9*s - 3. Suppose -40 = 4*a - 4*v, -3*a - 2*v + 3 = 18. Let n be q(a). Suppose -n*k = -35*k + 1758. Is k prime?
False
Let z(g) = 90213*g**3 + g**2 - 6*g + 5. Is z(1) a composite number?
True
Suppose k - 2*y - 546 + 1489 = 0, 2797 = -3*k - 2*y. Let h = 2592 + k. Is h a composite number?
False
Let j be 21/9 + (-11)/33. Suppose 2*i + 2*i - j*o + 256 = 0, 2*i = -5*o - 140. Let w = i + 472. Is w prime?
False
Suppose 5*y + 12697444 = 4*n, -y = -4*n + 3328293 + 9369151. Is n a composite number?
False
Let v be -1 - 21 - (-25 - 0)/5. Let b(k) = 8 - 62*k - 54*k - 49. Is b(v) a composite number?
False
Let d(k) = -25*k**2 - 4*k + 333901. Is d(0) composite?
True
Let x(o) = 95*o + 13. Let k = -22 - -26. Let l be x(k). Suppose -214*y = -217*y + l. Is y a composite number?
False
Suppose -5*r + 11 = -9. Suppose -4*y - 2294 = 3*w - 8384, y - r*w = 1532. Suppose 0 = -7*n + y + 6883. Is n composite?
False
Let j be 16/(-6)*(-30)/20. Suppose -23537 - 25675 = -j*f. Suppose 5*i + 4*i = f. Is i composite?
False
Let p(m) = -m**2 + 10*m - 25. Let o be p(6). Is ((-2)/(-5) - 1738/(-5)) + o a prime number?
True
Suppose 50 = 16*f - 14. Suppose -f*z + 300 = z - 5*j, 5*j - 106 = -2*z. Is z a composite number?
True
Let g(w) = 36*w**2 + 750*w - 4477. Is g(6) prime?
True
Suppose -3*o = -2*l - 131647, -3*l - 93099 + 5336 = -2*o. Is o a composite number?
True
Let p = 745 - 155. Let g = p + -303. Is g a prime number?
False
Is ((-10396905)/(-60))/(-4 - 187/(-44)) a prime number?
True
Let h = 84668 - 20097. Is h a prime number?
False
Let n(h) = h**2 - 15*h + 3. Suppose -5*g = 0, 0 = -b + 4*g + g + 23. Suppose p + b = -2*q - 5, -2*q = 2*p + 28. Is n(q) a prime number?
True
Suppose -7*p + 62 = 13. Suppose -p*a + 2*a - 5*n = -2045, 2 = n. Is a composite?
True
Let d(l) = 7213*l**2 + 87*l - 244. Is d(3) a prime number?
False
Suppose 2*a + 13 = 17. Suppose 8546 = a*q + 282. Suppose 6*h - q - 386 = 0. Is h prime?
False
Let m = -450 + 449. Suppose -2*d + 3 + 3 = 0. Is (-2)/(m + d) + 1328 prime?
True
Suppose 4*x = -5*r + 8, -5*r + 29 = -2*x - x. Suppose -r*i = -2*i - 2846. Is i prime?
True
Suppose 1358274 = 2*h - 3*r - 85345, 0 = -3*r - 15. Is h prime?
False
Suppose -7*n + 174888 = -108059. Suppose -5*w + 119114 = -n. Is w prime?
True
Let m(q) be the first derivative of -18*q**3 - 13*q**2/2 - 39*q + 12. Let f(p) be the first derivative of m(p). Is f(-3) a composite number?
False
Let x(o) = 30*o**2 + 3*o + 4. Let a be x(-2). Suppose -3*u + 6*u - a = -2*b, 5*u - 295 = -5*b. Let f = 366 - b. Is f a composite number?
False
Is -14 + 7 - 2*(-6 - 190666) composite?
True
Let d = -63 - -70. Suppose 6 = 10*l - d*l. Suppose -4*w = -2*o + 386, -3*w = -l*o - 3*o + 944. Is o a prime number?
False
Suppose m + v = 2*m - 8684, -3*v - 8680 = -m. Let a = m - 4697. Is a a composite number?
False
Let k(o) = 10*o - 7. Let l(y) = y - 1. Let p(t) = -2*k(t) + 14*l(t). Let f be p(-12). Suppose c - f = 5*j, 0 = -0*j + 3*j - 15. Is c a composite number?
False
Suppose -r + f - 14 = -0*r, 4*f + 16 = -4*r. Let s = -5 - r. Suppose 2*j - 15 = -j, 0 = -s*b - 3*j + 583. Is b a composite number?
True
Let g = -1 - -5. Suppose 128*i - 3228 = 124*i. Suppose 5*j - n - i = -3*n, -j = g*n - 147. Is j a composite number?
False
Suppose -4*m = 7*m - 6*m. Is 3009 + m - (28/(-4) - -5) composite?
False
Suppose u = 3*p + 620102, 41*p = -3*u + 36*p + 1860292. Is u composite?
False
Let y = 86706 - 126027. Let b = y + 58268. Is b composite?
False
Suppose -2*o + o = 6. Let j be 9/(-18) + -2*o/(-8). Is (2/(-6))/(j - 4306/(-2154)) composite?
False
Suppose 2*k = 6*q - 2*q - 18, -5*q + 26 = k. Suppose b + 1 = -1, -q*b = x - 1925. Suppose p = n + 396, -6*p = -p + 4*n - x. Is p a composite number?
True
Suppose 13 = -2*g - 2*g + 5*u, 5*u = -4*g + 37. Suppose 2*f = -g*c + 6635, 2*f = 4*c + 3*f - 8850. Is c prime?
True
Suppose 786*q - 765*q - 4265457 = 0. Is q a composite number?
False
Suppose 5*y = -f + 305 + 278, -1190 = -2*f + 2*y. Suppose 5*t - 2*k - 3055 = 0, t - k = 3*k + f. Is t a composite number?
False
Let b(d) = 180*d**2 - 19*d - 47. L